{"id":4965,"date":"2021-08-05T18:18:04","date_gmt":"2021-08-05T16:18:04","guid":{"rendered":"https:\/\/www.poradenstvikhk.cz\/dusevnizdravi\/?page_id=4965"},"modified":"2024-04-30T23:18:02","modified_gmt":"2024-04-30T21:18:02","slug":"zaverecna","status":"publish","type":"page","link":"https:\/\/www.poradenstvikhk.cz\/dusevnizdravi\/konference\/zaverecna\/","title":{"rendered":"Z\u00e1v\u011bre\u010dn\u00e1 konference"},"content":{"rendered":"<p style=\"text-align: left;\">Dne<strong> 22. 4. 2024<\/strong> prob\u011bhla z\u00e1v\u011bre\u010dn\u00e1 konference projektu <strong> Posilov\u00e1n\u00ed kompetenc\u00ed pedagogick\u00fdch pracovn\u00edk\u016f \u0161kol a \u0161kolsk\u00e9ho poradensk\u00e9ho za\u0159\u00edzen\u00ed i d\u011bt\u00ed a dosp\u00edvaj\u00edc\u00edch v oblasti p\u00e9\u010de o du\u0161evn\u00ed zdrav\u00ed prost\u0159ednictv\u00edm vzd\u011bl\u00e1v\u00e1n\u00ed a rozvoje psychosoci\u00e1ln\u00edch dovednost\u00ed.\u00a0<\/strong> Tato konference se konala v s\u00eddle krajsk\u00e9ho \u00fa\u0159adu Kr\u00e1lov\u00e9hradeck\u00e9ho kraje na Pivovarsk\u00e9m n\u00e1m\u011bst\u00ed 1245.<\/p>\n<p><img loading=\"lazy\" class=\"size-medium wp-image-5679 aligncenter\" src=\"https:\/\/www.poradenstvikhk.cz\/dusevnizdravi\/wp-content\/uploads\/2024\/02\/Navrh-bez-nazvu-4-424x300.jpg\" alt=\"\" width=\"424\" height=\"300\" srcset=\"https:\/\/www.poradenstvikhk.cz\/dusevnizdravi\/wp-content\/uploads\/2024\/02\/Navrh-bez-nazvu-4-424x300.jpg 424w, https:\/\/www.poradenstvikhk.cz\/dusevnizdravi\/wp-content\/uploads\/2024\/02\/Navrh-bez-nazvu-4-1103x780.jpg 1103w, https:\/\/www.poradenstvikhk.cz\/dusevnizdravi\/wp-content\/uploads\/2024\/02\/Navrh-bez-nazvu-4-768x543.jpg 768w, https:\/\/www.poradenstvikhk.cz\/dusevnizdravi\/wp-content\/uploads\/2024\/02\/Navrh-bez-nazvu-4.jpg 1414w\" sizes=\"(max-width: 424px) 100vw, 424px\" \/><\/p>\n<p style=\"text-align: center;\"><strong>D\u011bkujeme za podporu v\u0161em \u00fa\u010dastn\u00edk\u016fm, p\u0159edn\u00e1\u0161ej\u00edc\u00edm i spolupracovn\u00edk\u016fm!<\/strong><\/p>\n<hr \/>\n","protected":false},"excerpt":{"rendered":"<p>Dne 22. 4. 2024 prob\u011bhla z\u00e1v\u011bre\u010dn\u00e1 konference projektu Posilov\u00e1n\u00ed kompetenc\u00ed pedagogick\u00fdch pracovn\u00edk\u016f \u0161kol a \u0161kolsk\u00e9ho poradensk\u00e9ho za\u0159\u00edzen\u00ed i d\u011bt\u00ed a dosp\u00edvaj\u00edc\u00edch v oblasti p\u00e9\u010de o du\u0161evn\u00ed zdrav\u00ed prost\u0159ednictv\u00edm vzd\u011bl\u00e1v\u00e1n\u00ed a rozvoje psychosoci\u00e1ln\u00edch dovednost\u00ed.\u00a0 Tato konference se konala v s\u00eddle krajsk\u00e9ho \u00fa\u0159adu Kr\u00e1lov\u00e9hradeck\u00e9ho kraje na Pivovarsk\u00e9m n\u00e1m\u011bst\u00ed 1245. D\u011bkujeme za podporu v\u0161em \u00fa\u010dastn\u00edk\u016fm, p\u0159edn\u00e1\u0161ej\u00edc\u00edm i spolupracovn\u00edk\u016fm!<\/p>\n","protected":false},"author":1,"featured_media":0,"parent":4957,"menu_order":0,"comment_status":"closed","ping_status":"closed","template":"","meta":[],"_links":{"self":[{"href":"https:\/\/www.poradenstvikhk.cz\/dusevnizdravi\/wp-json\/wp\/v2\/pages\/4965"}],"collection":[{"href":"https:\/\/www.poradenstvikhk.cz\/dusevnizdravi\/wp-json\/wp\/v2\/pages"}],"about":[{"href":"https:\/\/www.poradenstvikhk.cz\/dusevnizdravi\/wp-json\/wp\/v2\/types\/page"}],"author":[{"embeddable":true,"href":"https:\/\/www.poradenstvikhk.cz\/dusevnizdravi\/wp-json\/wp\/v2\/users\/1"}],"replies":[{"embeddable":true,"href":"https:\/\/www.poradenstvikhk.cz\/dusevnizdravi\/wp-json\/wp\/v2\/comments?post=4965"}],"version-history":[{"count":17,"href":"https:\/\/www.poradenstvikhk.cz\/dusevnizdravi\/wp-json\/wp\/v2\/pages\/4965\/revisions"}],"predecessor-version":[{"id":5726,"href":"https:\/\/www.poradenstvikhk.cz\/dusevnizdravi\/wp-json\/wp\/v2\/pages\/4965\/revisions\/5726"}],"up":[{"embeddable":true,"href":"https:\/\/www.poradenstvikhk.cz\/dusevnizdravi\/wp-json\/wp\/v2\/pages\/4957"}],"wp:attachment":[{"href":"https:\/\/www.poradenstvikhk.cz\/dusevnizdravi\/wp-json\/wp\/v2\/media?parent=4965"}],"curies":[{"name":"wp","href":"https:\/\/api.w.org\/{rel}","templated":true}]}}

Závěrečná konference

<p style="text-align: left;">Dne<strong> 22. 4. 2024</strong> proběhla závěrečná konference projektu <strong> Posilování kompetencí pedagogických pracovníků škol a školského poradenského zařízení i dětí a dospívajících v oblasti péče o duševní zdraví prostřednictvím vzdělávání a rozvoje psychosociálních dovedností. </strong> Tato konference se konala v sídle krajského úřadu Královéhradeckého kraje na Pivovarském náměstí 1245.</p>
<p><img loading="lazy" class="size-medium wp-image-5679 aligncenter" src="https://www.poradenstvikhk.cz/dusevnizdravi/wp-content/uploads/2024/02/Navrh-bez-nazvu-4-424x300.jpg" alt="" width="424" height="300" srcset="https://www.poradenstvikhk.cz/dusevnizdravi/wp-content/uploads/2024/02/Navrh-bez-nazvu-4-424x300.jpg 424w, https://www.poradenstvikhk.cz/dusevnizdravi/wp-content/uploads/2024/02/Navrh-bez-nazvu-4-1103x780.jpg 1103w, https://www.poradenstvikhk.cz/dusevnizdravi/wp-content/uploads/2024/02/Navrh-bez-nazvu-4-768x543.jpg 768w, https://www.poradenstvikhk.cz/dusevnizdravi/wp-content/uploads/2024/02/Navrh-bez-nazvu-4.jpg 1414w" sizes="(max-width: 424px) 100vw, 424px" /></p>
<p style="text-align: center;"><strong>Děkujeme za podporu všem účastníkům, přednášejícím i spolupracovníkům!</strong></p>
<hr />

<p>Dne 22. 4. 2024 proběhla závěrečná konference projektu Posilování kompetencí pedagogických pracovníků škol a školského poradenského zařízení i dětí a dospívajících v oblasti péče o duševní zdraví prostřednictvím vzdělávání a rozvoje psychosociálních dovedností.  Tato konference se konala v sídle krajského úřadu Královéhradeckého kraje na Pivovarském náměstí 1245. Děkujeme za podporu všem účastníkům, přednášejícím i spolupracovníkům!</p>
