{"id":4891,"date":"2021-07-11T20:13:15","date_gmt":"2021-07-11T18:13:15","guid":{"rendered":"https:\/\/www.poradenstvikhk.cz\/karierove\/?page_id=4891"},"modified":"2024-12-05T08:24:09","modified_gmt":"2024-12-05T07:24:09","slug":"didakticke-materialy-a-pomucky","status":"publish","type":"page","link":"https:\/\/www.poradenstvikhk.cz\/karierove\/pro-skolni-karierove-poradce\/didakticke-materialy-a-pomucky\/","title":{"rendered":"Didaktick\u00e9 materi\u00e1ly a pom\u016fcky"},"content":{"rendered":"<p>&nbsp;<\/p>\n<p><a href=\"https:\/\/www.poradenstvikhk.cz\/karierove\/pro-skolni-karierove-poradce\/didakticke-materialy-a-pomucky\/metodiky\/\">Metodiky a odborn\u00e1 literatura<\/a><\/p>\n<p><a href=\"https:\/\/www.poradenstvikhk.cz\/karierove\/pro-skolni-karierove-poradce\/didakticke-materialy-a-pomucky\/webove-aplikace\/\">Webov\u00e9 str\u00e1nky a online aplikace<\/a><\/p>\n<p><a href=\"https:\/\/www.poradenstvikhk.cz\/karierove\/pro-skolni-karierove-poradce\/didakticke-materialy-a-pomucky\/karty-a-deskove-hry\/\">Karty a deskov\u00e9 hry<\/a><\/p>\n","protected":false},"excerpt":{"rendered":"<p>&nbsp; Metodiky a odborn\u00e1 literatura Webov\u00e9 str\u00e1nky a online aplikace Karty a deskov\u00e9 hry<\/p>\n","protected":false},"author":1,"featured_media":0,"parent":4887,"menu_order":1,"comment_status":"closed","ping_status":"closed","template":"","meta":{"footnotes":""},"_links":{"self":[{"href":"https:\/\/www.poradenstvikhk.cz\/karierove\/wp-json\/wp\/v2\/pages\/4891"}],"collection":[{"href":"https:\/\/www.poradenstvikhk.cz\/karierove\/wp-json\/wp\/v2\/pages"}],"about":[{"href":"https:\/\/www.poradenstvikhk.cz\/karierove\/wp-json\/wp\/v2\/types\/page"}],"author":[{"embeddable":true,"href":"https:\/\/www.poradenstvikhk.cz\/karierove\/wp-json\/wp\/v2\/users\/1"}],"replies":[{"embeddable":true,"href":"https:\/\/www.poradenstvikhk.cz\/karierove\/wp-json\/wp\/v2\/comments?post=4891"}],"version-history":[{"count":10,"href":"https:\/\/www.poradenstvikhk.cz\/karierove\/wp-json\/wp\/v2\/pages\/4891\/revisions"}],"predecessor-version":[{"id":8956,"href":"https:\/\/www.poradenstvikhk.cz\/karierove\/wp-json\/wp\/v2\/pages\/4891\/revisions\/8956"}],"up":[{"embeddable":true,"href":"https:\/\/www.poradenstvikhk.cz\/karierove\/wp-json\/wp\/v2\/pages\/4887"}],"wp:attachment":[{"href":"https:\/\/www.poradenstvikhk.cz\/karierove\/wp-json\/wp\/v2\/media?parent=4891"}],"curies":[{"name":"wp","href":"https:\/\/api.w.org\/{rel}","templated":true}]}}