{"id":5056,"date":"2021-07-16T10:07:52","date_gmt":"2021-07-16T08:07:52","guid":{"rendered":"https:\/\/www.poradenstvikhk.cz\/karierove\/?page_id=5056"},"modified":"2024-10-10T11:38:40","modified_gmt":"2024-10-10T09:38:40","slug":"aktivity-pro-praci-se-skupinou","status":"publish","type":"page","link":"https:\/\/www.poradenstvikhk.cz\/karierove\/pro-skolni-karierove-poradce\/didakticke-materialy-a-pomucky\/aktivity-pro-praci-se-skupinou\/","title":{"rendered":"Dal\u0161\u00ed n\u00e1m\u011bty pro pr\u00e1ci se skupinou i jednotlivci"},"content":{"rendered":"<p style=\"text-align: justify;\"><strong>Na t\u00e9to str\u00e1nce najdete dal\u0161\u00ed n\u00e1m\u011bty do hodin kari\u00e9rov\u00e9ho vzd\u011bl\u00e1v\u00e1n\u00ed a to formou odkazu na ji\u017e existuj\u00edc\u00ed str\u00e1nky s konkr\u00e9tn\u00edmi aktivitami (nen\u00ed na\u0161\u00edm z\u00e1m\u011brem kop\u00edrovat to, co u\u017e je jinde k dispozici).<\/strong><\/p>\n<p>Ve spolupr\u00e1ci s kari\u00e9rov\u00fdmi poradci ze \u0161kol zapojen\u00fdch do projektu postupn\u011b roz\u0161i\u0159ujeme na\u0161e vlastn\u00ed portfolio skupinov\u00fdch aktivit, kter\u00e9 najdete v rubrice <a href=\"https:\/\/www.poradenstvikhk.cz\/karierove\/dobra-praxe\/\">Modelov\u00e9 hodiny kari\u00e9rov\u00e9ho vzd\u011bl\u00e1v\u00e1n\u00ed<\/a>.<\/p>\n","protected":false},"excerpt":{"rendered":"<p>Na t\u00e9to str\u00e1nce najdete dal\u0161\u00ed n\u00e1m\u011bty do hodin kari\u00e9rov\u00e9ho vzd\u011bl\u00e1v\u00e1n\u00ed a to formou odkazu na ji\u017e existuj\u00edc\u00ed str\u00e1nky s konkr\u00e9tn\u00edmi aktivitami (nen\u00ed na\u0161\u00edm z\u00e1m\u011brem kop\u00edrovat to, co u\u017e je jinde k dispozici). Ve spolupr\u00e1ci s kari\u00e9rov\u00fdmi poradci ze \u0161kol zapojen\u00fdch do projektu postupn\u011b roz\u0161i\u0159ujeme na\u0161e vlastn\u00ed portfolio skupinov\u00fdch aktivit, kter\u00e9 najdete v rubrice Modelov\u00e9 hodiny [&hellip;]<\/p>\n","protected":false},"author":4,"featured_media":0,"parent":4891,"menu_order":2,"comment_status":"closed","ping_status":"closed","template":"","meta":{"footnotes":""},"_links":{"self":[{"href":"https:\/\/www.poradenstvikhk.cz\/karierove\/wp-json\/wp\/v2\/pages\/5056"}],"collection":[{"href":"https:\/\/www.poradenstvikhk.cz\/karierove\/wp-json\/wp\/v2\/pages"}],"about":[{"href":"https:\/\/www.poradenstvikhk.cz\/karierove\/wp-json\/wp\/v2\/types\/page"}],"author":[{"embeddable":true,"href":"https:\/\/www.poradenstvikhk.cz\/karierove\/wp-json\/wp\/v2\/users\/4"}],"replies":[{"embeddable":true,"href":"https:\/\/www.poradenstvikhk.cz\/karierove\/wp-json\/wp\/v2\/comments?post=5056"}],"version-history":[{"count":58,"href":"https:\/\/www.poradenstvikhk.cz\/karierove\/wp-json\/wp\/v2\/pages\/5056\/revisions"}],"predecessor-version":[{"id":8943,"href":"https:\/\/www.poradenstvikhk.cz\/karierove\/wp-json\/wp\/v2\/pages\/5056\/revisions\/8943"}],"up":[{"embeddable":true,"href":"https:\/\/www.poradenstvikhk.cz\/karierove\/wp-json\/wp\/v2\/pages\/4891"}],"wp:attachment":[{"href":"https:\/\/www.poradenstvikhk.cz\/karierove\/wp-json\/wp\/v2\/media?parent=5056"}],"curies":[{"name":"wp","href":"https:\/\/api.w.org\/{rel}","templated":true}]}}